{"id":718,"date":"2016-12-21T11:07:49","date_gmt":"2016-12-21T10:07:49","guid":{"rendered":"https:\/\/edulab.unitn.it\/dicomat\/?page_id=718"},"modified":"2021-05-25T10:06:30","modified_gmt":"2021-05-25T08:06:30","slug":"misurare-il-volume","status":"publish","type":"page","link":"https:\/\/edulab.unitn.it\/dicomat\/geometria-ss-i-g\/misura\/misurare-il-volume\/","title":{"rendered":"Misurare il volume"},"content":{"rendered":"<ol>\n<li><strong> IL LITRO<br \/>\n<\/strong><\/li>\n<\/ol>\n<p>In questa attivit\u00e0, agli studenti viene presentata la <img loading=\"lazy\" decoding=\"async\" class=\"wp-image-725 alignright\" src=\"https:\/\/edulab.unitn.it\/dicomat\/wp-content\/uploads\/sites\/12\/2016\/12\/Gocce-300x296.jpg\" alt=\"\" width=\"123\" height=\"121\" srcset=\"https:\/\/edulab.unitn.it\/dicomat\/wp-content\/uploads\/sites\/12\/2016\/12\/Gocce-300x296.jpg 300w, https:\/\/edulab.unitn.it\/dicomat\/wp-content\/uploads\/sites\/12\/2016\/12\/Gocce-768x759.jpg 768w, https:\/\/edulab.unitn.it\/dicomat\/wp-content\/uploads\/sites\/12\/2016\/12\/Gocce-1024x1012.jpg 1024w\" sizes=\"auto, (max-width: 123px) 100vw, 123px\" \/>situazione motivante che li accompagner\u00e0 durante il percorso. Si comincia con lo studio delle unit\u00e0 di misura da usare per misurare il volume di un liquido: litro e millilitro.<br \/>\nPer familiarizzare con queste unit\u00e0 di misura si richiede di stimare quante gocce compongono 1ml e, quindi, 1l. Le congetture vengono poi verificate mediante un esperimento.<\/p>\n<table style=\"background-color: #b1f2a7\">\n<tbody>\n<tr>\n<td>\n<p style=\"text-align: left\"><strong>DOWNLOAD<\/strong><\/p>\n<p style=\"text-align: left\"><a href=\"https:\/\/edulab.unitn.it\/wp-content\/uploads\/nfs\/DiCoMat\/Misura\/Scheda1.pdf\">Scheda guida per lo studente<\/a><\/p>\n<p style=\"text-align: left\"><a href=\"https:\/\/edulab.unitn.it\/wp-content\/uploads\/nfs\/DiCoMat\/Misura\/Allegato1.pdf\">Relazione dell&#8217;attivit\u00e0 di laboratorio<\/a><\/p>\n<\/td>\n<\/tr>\n<\/tbody>\n<\/table>\n<p>&nbsp;<\/p>\n<ol start=\"2\">\n<li><strong> LE UNITA\u2019 DI MISURA ANGLOSASSONI<\/strong><\/li>\n<\/ol>\n<p>Dopo aver considerato le usuali unit\u00e0 di misura per il volume dei liquidi si analizzano quelle anglosassoni: once, tazze, pinte, quarti e galloni. Queste vengono confrontate tra loro e con le unit\u00e0 di misura gi\u00e0 studiate.<\/p>\n<p><img loading=\"lazy\" decoding=\"async\" class=\" wp-image-726 aligncenter\" src=\"https:\/\/edulab.unitn.it\/dicomat\/wp-content\/uploads\/sites\/12\/2016\/12\/bowl-159371_1280-300x150.png\" alt=\"\" width=\"204\" height=\"102\" srcset=\"https:\/\/edulab.unitn.it\/dicomat\/wp-content\/uploads\/sites\/12\/2016\/12\/bowl-159371_1280-300x150.png 300w, https:\/\/edulab.unitn.it\/dicomat\/wp-content\/uploads\/sites\/12\/2016\/12\/bowl-159371_1280-768x384.png 768w, https:\/\/edulab.unitn.it\/dicomat\/wp-content\/uploads\/sites\/12\/2016\/12\/bowl-159371_1280-1024x512.png 1024w, https:\/\/edulab.unitn.it\/dicomat\/wp-content\/uploads\/sites\/12\/2016\/12\/bowl-159371_1280.png 1280w\" sizes=\"auto, (max-width: 204px) 100vw, 204px\" \/><\/p>\n<table style=\"background-color: #b1f2a7\">\n<tbody>\n<tr>\n<td>\n<p style=\"text-align: left\"><strong>DOWNLOAD<\/strong><\/p>\n<p style=\"text-align: left\"><a href=\"https:\/\/edulab.unitn.it\/wp-content\/uploads\/nfs\/DiCoMat\/Misura\/Scheda2.pdf\">Scheda guida per lo studente<\/a><\/p>\n<\/td>\n<\/tr>\n<\/tbody>\n<\/table>\n<p>&nbsp;<\/p>\n<ol start=\"3\">\n<li><strong> SITUAZIONI PROBLEMA<\/strong><\/li>\n<\/ol>\n<p><img loading=\"lazy\" decoding=\"async\" class=\" wp-image-727 alignleft\" src=\"https:\/\/edulab.unitn.it\/dicomat\/wp-content\/uploads\/sites\/12\/2016\/12\/desk-1717161_1280-300x180.png\" alt=\"\" width=\"220\" height=\"132\" srcset=\"https:\/\/edulab.unitn.it\/dicomat\/wp-content\/uploads\/sites\/12\/2016\/12\/desk-1717161_1280-300x180.png 300w, https:\/\/edulab.unitn.it\/dicomat\/wp-content\/uploads\/sites\/12\/2016\/12\/desk-1717161_1280-768x461.png 768w, https:\/\/edulab.unitn.it\/dicomat\/wp-content\/uploads\/sites\/12\/2016\/12\/desk-1717161_1280-1024x614.png 1024w, https:\/\/edulab.unitn.it\/dicomat\/wp-content\/uploads\/sites\/12\/2016\/12\/desk-1717161_1280.png 1280w\" sizes=\"auto, (max-width: 220px) 100vw, 220px\" \/>In questa fase del percorso l\u2019obiettivo \u00e8 far acquisire agli studenti maggior familiarit\u00e0 con le unit\u00e0 di misura anglosassoni, per farlo si lavora a gruppi sulla base di una scheda che richiede di affrontare alcuni problemi, come il confronto tra grandezze e l\u2019individuazione dell\u2019unit\u00e0 di misura pi\u00f9 indicata per misurare diverse quantit\u00e0 di liquidi.<\/p>\n<table style=\"background-color: #b1f2a7\">\n<tbody>\n<tr>\n<td>\n<p style=\"text-align: left\"><strong>DOWNLOAD<\/strong><\/p>\n<p style=\"text-align: left\"><a href=\"https:\/\/edulab.unitn.it\/wp-content\/uploads\/nfs\/DiCoMat\/Misura\/Scheda3.pdf\">Scheda guida per lo studente<\/a><\/p>\n<\/td>\n<\/tr>\n<\/tbody>\n<\/table>\n<p><em>\u00a0<\/em><\/p>\n<ol start=\"4\">\n<li><strong><em> VERIFICA IN ITINERE<\/em><\/strong><\/li>\n<\/ol>\n<p><em>\u00a0<img loading=\"lazy\" decoding=\"async\" class=\"alignright wp-image-728\" src=\"https:\/\/edulab.unitn.it\/dicomat\/wp-content\/uploads\/sites\/12\/2016\/12\/checklist-1622517_1280-300x300.png\" width=\"80\" height=\"80\" srcset=\"https:\/\/edulab.unitn.it\/dicomat\/wp-content\/uploads\/sites\/12\/2016\/12\/checklist-1622517_1280-300x300.png 300w, https:\/\/edulab.unitn.it\/dicomat\/wp-content\/uploads\/sites\/12\/2016\/12\/checklist-1622517_1280-150x150.png 150w, https:\/\/edulab.unitn.it\/dicomat\/wp-content\/uploads\/sites\/12\/2016\/12\/checklist-1622517_1280-768x768.png 768w, https:\/\/edulab.unitn.it\/dicomat\/wp-content\/uploads\/sites\/12\/2016\/12\/checklist-1622517_1280-1024x1024.png 1024w, https:\/\/edulab.unitn.it\/dicomat\/wp-content\/uploads\/sites\/12\/2016\/12\/checklist-1622517_1280.png 1280w\" sizes=\"auto, (max-width: 80px) 100vw, 80px\" \/><\/em><em>A questo punto del percorso pu\u00f2 essere utile verificare la comprensione degli argomenti trattati, pertanto \u00e8 richiesto agli studenti di compilare\u00a0individualmente la scheda seguente. In particolare \u00e8 importante che la verifica venga, poi, corretta collettivamente con la guida dell\u2019insegnante.<\/em><em>\u00a0<\/em><\/p>\n<table style=\"background-color: #b1f2a7\">\n<tbody>\n<tr>\n<td>\n<p style=\"text-align: left\"><strong>DOWNLOAD<\/strong><\/p>\n<p style=\"text-align: left\"><a href=\"https:\/\/edulab.unitn.it\/wp-content\/uploads\/nfs\/DiCoMat\/Misura\/Scheda4.pdf\"><em>Test<\/em><\/a><\/p>\n<\/td>\n<\/tr>\n<\/tbody>\n<\/table>\n<p><em>\u00a0<\/em><\/p>\n<ol start=\"5\">\n<li><strong> I DECIMETRI CUBI<\/strong><\/li>\n<\/ol>\n<p><img loading=\"lazy\" decoding=\"async\" class=\" wp-image-729 alignleft\" src=\"https:\/\/edulab.unitn.it\/dicomat\/wp-content\/uploads\/sites\/12\/2016\/12\/Cubi-300x243.jpg\" alt=\"\" width=\"151\" height=\"123\" srcset=\"https:\/\/edulab.unitn.it\/dicomat\/wp-content\/uploads\/sites\/12\/2016\/12\/Cubi-300x243.jpg 300w, https:\/\/edulab.unitn.it\/dicomat\/wp-content\/uploads\/sites\/12\/2016\/12\/Cubi-768x622.jpg 768w, https:\/\/edulab.unitn.it\/dicomat\/wp-content\/uploads\/sites\/12\/2016\/12\/Cubi-1024x829.jpg 1024w\" sizes=\"auto, (max-width: 151px) 100vw, 151px\" \/>Per concludere il percorso viene introdotta l\u2019unit\u00e0 di misura di volume standard. Lo si fa a partire dal dm<sup>3<\/sup>: dopo aver costruito una scatola cubica di volume pari a 1 dm<sup>3<\/sup>, la si riempie d\u2019acqua e si osserva l\u2019equivalenza tra litri e decimetri cubi. A questo punto si chiede agli studenti di trovare la dimensione del cubo che pu\u00f2 contenere 1 ml di acqua e si propone un modo per verificare la congettura.<\/p>\n<table style=\"background-color: #b1f2a7\">\n<tbody>\n<tr>\n<td>\n<p style=\"text-align: left\"><strong>DOWNLOAD<\/strong><\/p>\n<p style=\"text-align: left\"><a href=\"https:\/\/edulab.unitn.it\/wp-content\/uploads\/nfs\/DiCoMat\/Misura\/Scheda5.pdf\">Scheda guida per lo studente<\/a><\/p>\n<p style=\"text-align: left\"><a href=\"https:\/\/edulab.unitn.it\/wp-content\/uploads\/nfs\/DiCoMat\/Misura\/Allegato3.pdf\">Relazione dell&#8217;attivit\u00e0 di laboratorio<\/a><\/p>\n<\/td>\n<\/tr>\n<\/tbody>\n<\/table>\n<p>&nbsp;<\/p>\n<ol start=\"6\">\n<li><strong><em> VERIFICA IN ITINERE<img loading=\"lazy\" decoding=\"async\" class=\"alignright wp-image-728\" src=\"https:\/\/edulab.unitn.it\/dicomat\/wp-content\/uploads\/sites\/12\/2016\/12\/checklist-1622517_1280-300x300.png\" width=\"80\" height=\"80\" srcset=\"https:\/\/edulab.unitn.it\/dicomat\/wp-content\/uploads\/sites\/12\/2016\/12\/checklist-1622517_1280-300x300.png 300w, https:\/\/edulab.unitn.it\/dicomat\/wp-content\/uploads\/sites\/12\/2016\/12\/checklist-1622517_1280-150x150.png 150w, https:\/\/edulab.unitn.it\/dicomat\/wp-content\/uploads\/sites\/12\/2016\/12\/checklist-1622517_1280-768x768.png 768w, https:\/\/edulab.unitn.it\/dicomat\/wp-content\/uploads\/sites\/12\/2016\/12\/checklist-1622517_1280-1024x1024.png 1024w, https:\/\/edulab.unitn.it\/dicomat\/wp-content\/uploads\/sites\/12\/2016\/12\/checklist-1622517_1280.png 1280w\" sizes=\"auto, (max-width: 80px) 100vw, 80px\" \/><\/em><\/strong><\/li>\n<\/ol>\n<p><em>\u00a0<\/em><em>Alla conclusione del percorso sul volume si propone un breve test che verifichi la comprensione dell\u2019equivalenza 1l=1dm<sup>3<\/sup>.<\/em><em>\u00a0<\/em><\/p>\n<table style=\"background-color: #b1f2a7\">\n<tbody>\n<tr>\n<td>\n<p style=\"text-align: left\"><strong>DOWNLOAD<\/strong><\/p>\n<p style=\"text-align: left\"><a href=\"https:\/\/edulab.unitn.it\/wp-content\/uploads\/nfs\/DiCoMat\/Misura\/Scheda6.pdf\"><em>Test<\/em><\/a><\/p>\n<\/td>\n<\/tr>\n<\/tbody>\n<\/table>\n<p><em>\u00a0<\/em><\/p>\n<hr \/>\n<p>&nbsp;<\/p>\n<p style=\"text-align: center\"><a href=\"https:\/\/edulab.unitn.it\/dicomat\/misura\/\">Torna al percorso<\/a>\u00a0 \u00a0 \u00a0 \u00a0 \u00a0 \u00a0 \u00a0 \u00a0 \u00a0 \u00a0 \u00a0 \u00a0 \u00a0 \u00a0 \u00a0 \u00a0 \u00a0 \u00a0 \u00a0 \u00a0 \u00a0 \u00a0 \u00a0\u00a0<a href=\"https:\/\/edulab.unitn.it\/dicomat\/misurare-la-massa\/\">Misurare la massa<\/a><\/p>\n","protected":false},"excerpt":{"rendered":"<p>IL LITRO In questa attivit\u00e0, agli studenti viene presentata la situazione motivante che li accompagner\u00e0 durante il percorso. Si comincia con lo studio delle unit\u00e0 di misura da usare per misurare il volume di un liquido: litro e millilitro. Per familiarizzare con queste unit\u00e0 di misura si richiede di stimare quante gocce compongono 1ml e, &hellip; <a href=\"https:\/\/edulab.unitn.it\/dicomat\/geometria-ss-i-g\/misura\/misurare-il-volume\/\" class=\"more-link\">Continua a leggere <span class=\"screen-reader-text\">Misurare il volume<\/span><\/a><\/p>\n","protected":false},"author":872,"featured_media":0,"parent":706,"menu_order":1,"comment_status":"closed","ping_status":"closed","template":"","meta":{"footnotes":""},"class_list":["post-718","page","type-page","status-publish","hentry"],"_links":{"self":[{"href":"https:\/\/edulab.unitn.it\/dicomat\/wp-json\/wp\/v2\/pages\/718","targetHints":{"allow":["GET"]}}],"collection":[{"href":"https:\/\/edulab.unitn.it\/dicomat\/wp-json\/wp\/v2\/pages"}],"about":[{"href":"https:\/\/edulab.unitn.it\/dicomat\/wp-json\/wp\/v2\/types\/page"}],"author":[{"embeddable":true,"href":"https:\/\/edulab.unitn.it\/dicomat\/wp-json\/wp\/v2\/users\/872"}],"replies":[{"embeddable":true,"href":"https:\/\/edulab.unitn.it\/dicomat\/wp-json\/wp\/v2\/comments?post=718"}],"version-history":[{"count":24,"href":"https:\/\/edulab.unitn.it\/dicomat\/wp-json\/wp\/v2\/pages\/718\/revisions"}],"predecessor-version":[{"id":2113,"href":"https:\/\/edulab.unitn.it\/dicomat\/wp-json\/wp\/v2\/pages\/718\/revisions\/2113"}],"up":[{"embeddable":true,"href":"https:\/\/edulab.unitn.it\/dicomat\/wp-json\/wp\/v2\/pages\/706"}],"wp:attachment":[{"href":"https:\/\/edulab.unitn.it\/dicomat\/wp-json\/wp\/v2\/media?parent=718"}],"curies":[{"name":"wp","href":"https:\/\/api.w.org\/{rel}","templated":true}]}}